(-12).
3, 131
Suppose -19*p + 5*p = -185*p + 2534220. What are the prime factors of p?
2, 3, 5, 13, 19
What are the prime factors of -2 - (-27682 - 1) - (-45 - -19 - -26)?
3, 9227
Let t(z) = z**2 - 6*z + 13. Let n be t(4). Suppose -37 = -n*d - 12. List the prime factors of d.
5
Let y = -186 - -86. Let k(o) = -o**3 - 16*o**2 + 35*o + 76. Let a be k(-18). Let g = a - y. What are the prime factors of g?
2, 97
Suppose 4*q - 127 = 3*l, -11*q + 12*q - 35 = 4*l. Suppose 3*c - k - 1865 = 0, -32*k + q*k = 3*c - 1873. List the prime factors of c.
7, 89
Suppose 0 = 11*v - 14*v - 3*l + 2088, -3*v + 2*l = -2093. Let a = v - 203. What are the prime factors of a?
2, 13, 19
Let v = 104151 - 64647. What are the prime factors of v?
2, 3, 823
Let c = -10050 - -18814. List the prime factors of c.
2, 7, 313
Suppose 318 + 312 = 15*w. Let d be (w/(-8))/(-5 - (-489)/96). Let a = d + 270. List the prime factors of a.
2, 107
Let p(h) = -39*h - 5. Suppose 0 = -0*q + q + 4*n - 18, 4*n - 24 = -4*q. Suppose 6*k = -20 + q. What are the prime factors of p(k)?
2, 7
Let f be (-1 + (-2)/(-2))/(-1 + -3). Suppose -2*i + 2*y + 6 = f, 4*y = 4*i - 2*i - 4. Suppose 0 = i*v - 210 - 138. What are the prime factors of v?
3, 29
Let z = -70 - -10. Let s = z + 87. Let p = 78 - s. What are the prime factors of p?
3, 17
Suppose -6*o + 127 + 29 = 0. Let c be 65/o - 2/4. List the prime factors of (-772)/(-16) + c*(-3)/24.
2, 3
Suppose 3*o - 73*x - 120831 = -79*x, -o + x = -40295. What are the prime factors of o?
40289
Suppose -2*v + 4*b + 109596 - 21258 = 0, 4*b + b = 0. List the prime factors of v.
3, 14723
Let a(x) = 7035*x - 88. List the prime factors of a(2).
2, 6991
Let u = 382 + 315. What are the prime factors of u?
17, 41
Suppose 0 = -8*x + 6*x + 4. Suppose -s = t - 6, 7*s - 6 = 3*s + x*t. Suppose -385 - 278 = -3*c - s*a, -225 = -c - 3*a. List the prime factors of c.
3, 73
Let k be 5/20*8/1. Suppose -k*t + 614 = -1358. What are the prime factors of t?
2, 17, 29
Let z(m) = 1497*m + 1971. What are the prime factors of z(13)?
2, 3, 19, 47
Suppose 457*u - 459*u + 6520 = 0. List the prime factors of u.
2, 5, 163
Let b(a) = 6*a + 20. Let f be b(-22). Let c = f - -213. Suppose -4*p + 435 = 3*r + 13, 3*r = -p + c. What are the prime factors of p?
107
Let r(m) = m**3 - 9*m**2 - 9*m - 10. Let q be r(9). Let l = q + 90. List the prime factors of ((-15)/l - -4) + (0 - 1).
2, 3
Let a(l) = 1067*l**2 - 29*l - 29. Let k be a(-1). Suppose 29*i - 5371 - k = 0. List the prime factors of i.
2, 3, 37
Let d = -15 + 18. Suppose 4*q = a, -q = 4*a + d*q. Suppose 82 = 2*c - 3*u, 2*c = -u - a*u + 90. List the prime factors of c.
2, 11
Let w be 182 - (15/10)/((-6)/(-8)). Suppose -3*o + 5*p = 392, -2*o - 232 = 4*p - 0*p. Let m = w + o. List the prime factors of m.
2, 7
Suppose 4*d = 2*d, -201 = -3*q + d. Suppose 0 = -q*h + 54*h + 16575. List the prime factors of h.
3, 5, 17
Let h(a) = -a**3 + 20*a**2 + 5*a - 100. Let v be h(20). Suppose 3*y + 5038 = 4*c - 2*y, 3*c + 5*y - 3796 = v. What are the prime factors of c?
2, 631
Suppose -62505 = -a + 5*m, 0 = -30*m + 26*m + 8. List the prime factors of a.
5, 12503
Suppose 0 = 38*m + 71523 - 298649. What are the prime factors of m?
43, 139
Suppose 3*s = 4*x - 0*x - 8427, -3*s = -2*x + 4215. Let k be (-3)/(-8) - x/(-144). Suppose k*g - 115 = 14*g. List the prime factors of g.
5, 23
Let u = -1631 + 129. What are the prime factors of -1 + (15/10)/((-3)/u)?
2, 3, 5
List the prime factors of (-10)/(-4) - (-4013429)/302.
2, 3323
Let t(h) = -h**3 - 17*h**2 - 3*h + 6713. What are the prime factors of t(0)?
7, 137
Let z(j) = 14*j + 40. Let s be z(5). Suppose -3*p + 118 = 2*h, -2*p = -2*h - p + s. Let m = h - -16. What are the prime factors of m?
2, 3
Let r(t) = -t**3 - 5*t**2 + 5. Let w(b) = -3*b**2 + 5*b - 3. Let i be w(2). Let l be r(i). Suppose -l*z + 38 = -52. What are the prime factors of z?
2, 3
Let s = -8573 - -22219. List the prime factors of s.
2, 6823
Suppose 260*k + 986139 = 293*k. List the prime factors of k.
3, 7, 1423
Suppose r + 2 = u, -2*r - r + 5*u = 16. Suppose 0 = 4*x + 79*b - 75*b - 1344, 0 = r*x + b - 1002. What are the prime factors of x?
3, 37
Let l be ((-1580)/(-25))/((-4)/10). Let t = 29 - l. List the prime factors of t.
11, 17
Let g(d) = -2*d + 26. Suppose 9 = o + 5*f, o + 52 = -o + 4*f. Let b be g(o). Suppose s - z = 75, s - 11 = -z + b. What are the prime factors of s?
2, 3
Suppose 2*u - 37174 = 5*s + 12334, 5*s - 123665 = -5*u. What are the prime factors of u?
11, 13, 173
Let w be 2/(-7) + (-37)/(-7) + 287. Suppose w*t = 296*t - 3668. List the prime factors of t.
7, 131
Suppose 4*k - 343 = 2*g - g, -4*g + 4*k = 1324. What are the prime factors of (2 + 3 - g)/2?
2, 83
What are the prime factors of 1/(2/(-7298))*(-7 - -5 - 1)?
3, 41, 89
Suppose 4*h + 2098 = -2686. List the prime factors of ((3 - 0) + -7)/(13/h).
2, 23
Suppose 0 = -22*g + 560284 - 183688. List the prime factors of g.
2, 3, 317
Let i = 397 - 322. Suppose 2*a - a - 80 = 0. Let m = a + i. What are the prime factors of m?
5, 31
Let o = 4978 - -8174. What are the prime factors of o?
2, 3, 137
Let l(t) = -t**3 + 14*t**2 - t + 13. Let h be l(14). What are the prime factors of (h - -2)/2*(301 + -5)?
2, 37
Suppose -r - 6 - 17 = 0. Let s = 26 + r. List the prime factors of (s/9)/((-6)/(-468)).
2, 13
Let f be (9/18)/((-3)/6). Let v(m) = m - 17. Let l(w) = -1. Let x(z) = f*v(z) - 3*l(z). List the prime factors of x(6).
2, 7
Suppose u = -4*i + 1246, -127*u + 5068 = -123*u + 2*i. What are the prime factors of u?
2, 5, 127
Let i = 152 + -470. What are the prime factors of (-56)/(-2 + (i/102 - -5))?
2, 7, 17
Let m = 2113 + -1457. Let b = -479 + m. List the prime factors of b.
3, 59
Let t = -39 + 42. Suppose w = -2*y + 97, y = t*w - 2*y - 291. Suppose -80 - w = -3*h. List the prime factors of h.
59
Let r(y) = -5*y**3 + y**2 + y + 4. Let i be r(-6). Suppose 0 = 3*w - 5*w + i. What are the prime factors of w?
557
Let n(z) be the first derivative of -187*z**4/4 + z**3/3 - 2*z + 113. What are the prime factors of n(-2)?
2, 7, 107
Suppose -21*b = -16*b - 2785. Let x = b + -187. List the prime factors of x.
2, 5, 37
What are the prime factors of ((-168)/196)/((-18)/276990)?
2, 5, 1319
Let i be (-9)/12 - 201/(-12). Let a = -447 + 567. List the prime factors of ((-60)/i - -5)*a.
2, 3, 5
Suppose -10*j - 344 + 124 = 0. Let p = j - -225. Suppose -3*x + p = -211. List the prime factors of x.
2, 3, 23
Suppose -5624 = -f - 5*w, f + 30*w = 31*w + 5612. List the prime factors of f.
2, 7, 401
Let h be (-4)/(-8) - 0 - 18/4. Let l(v) = -v**3 - 3*v**2 + 2*v - 4. Let z be l(h). Suppose w - 3*w - 134 = -k, z*k - 536 = -5*w. List the prime factors of k.
2, 67
Suppose 0 = -6*y + 358 - 268. What are the prime factors of 0 - ((-1764)/y)/((-27)/(-90))?
2, 7
Suppose 2*x - 1 - 3 = 0, 3*k = -4*x + 236. Let t = 205 - k. Suppose 3*i + 0*a = 2*a + t, 2*i - 5*a - 86 = 0. What are the prime factors of i?
43
Suppose -7*j + 32 = -3. Suppose 3*c - 221 = 655. Suppose -j*u + c = -183. What are the prime factors of u?
5, 19
Let i be (-9)/((-126)/(-35))*-58. List the prime factors of (140/3)/(7 + i/(-21)).
2, 5, 7
Suppose 2*j = 4*z - 152, 4*z = -2*j - 26 + 170. Let a be (-1 + z)*(-2)/(-4). Let b = a - 6. What are the prime factors of b?
2, 3
Suppose 4*x = 12*u - 15*u + 28759, 28777 = 3*u - 5*x. List the prime factors of u.
43, 223
Let k be (-2 - 570/6) + 4. Let p = k - -66. Let r = 47 - p. List the prime factors of r.
2, 37
Suppose 3*o + 6086 = v, -3*v - o + 21466 = 3238. List the prime factors of v.
59, 103
Let y be 2 - (-104)/17 - (-30)/(-255). What are the prime factors of 2/y - 6818/(-56)?
2, 61
Let n = -115 + 127. Suppose 0 = n*c - 8*c + 40. What are the prime factors of 566/6 - c/(-30)?
2, 47
Let c(g) = -23*g + 109. Let z be c(5). List the prime factors of 1896*(-5 - 33/z).
2, 3, 79
Let o = 45 - 43. Suppose -1115 = -o*h + 203. Suppose -10*p + h = -231. What are the prime factors of p?
89
Let i(p) = -p**2 - 20*p - 60. Let f be i(-16). Suppose f*v + 14*v = 5364. What are the prime factors of v?
2, 149
Let p(z) = z**2 - 22*z + 12. Let m(v) = v**2 - 33*v + 18. Let w(i) = 5*m(i) - 7*p(i). Let l be w(-5). Let t(n) = 2*n + 18. What are the prime factors of t(l)?
2, 5
Let b(s) = -11 + s**2 + 74*s - 80*s - 3. Let w be b(8). Suppose -5*q + 614 = -